{"id":26872,"date":"2022-11-24T11:57:32","date_gmt":"2022-11-24T10:57:32","guid":{"rendered":"https:\/\/www.fundaciobarcelonaolimpica.es\/mo-testimonio\/manuel-ibern-alcalde\/"},"modified":"2023-02-08T11:35:35","modified_gmt":"2023-02-08T10:35:35","slug":"manuel-ibern-alcalde","status":"publish","type":"mo-testimonio","link":"https:\/\/www.fundaciobarcelonaolimpica.es\/en\/mo-testimonio\/manuel-ibern-alcalde\/","title":{"rendered":"Manuel Ibern Alcalde"},"content":{"rendered":"","protected":false},"featured_media":27319,"template":"","meta":{"_acf_changed":false},"memoria_oral_evento":[209,210],"memoria_oral_perfil":[211],"memoria_oral_etiquetas":[],"class_list":["post-26872","mo-testimonio","type-mo-testimonio","status-publish","has-post-thumbnail","hentry","memoria_oral_evento-olympic-games","memoria_oral_evento-paralympic-games","memoria_oral_perfil-organization"],"acf":[],"yoast_head":"<!-- This site is optimized with the Yoast SEO plugin v23.7 - https:\/\/yoast.com\/wordpress\/plugins\/seo\/ -->\n<title>Manuel Ibern Alcalde - Fundaci\u00f3 Barcelona Ol\u00edmpica<\/title>\n<meta name=\"robots\" content=\"index, follow, max-snippet:-1, max-image-preview:large, max-video-preview:-1\" \/>\n<link rel=\"canonical\" href=\"https:\/\/www.fundaciobarcelonaolimpica.es\/en\/mo-testimonio\/manuel-ibern-alcalde\/\" \/>\n<meta property=\"og:locale\" content=\"en_US\" \/>\n<meta property=\"og:type\" content=\"article\" \/>\n<meta property=\"og:title\" content=\"Manuel Ibern Alcalde - Fundaci\u00f3 Barcelona Ol\u00edmpica\" \/>\n<meta property=\"og:url\" content=\"https:\/\/www.fundaciobarcelonaolimpica.es\/en\/mo-testimonio\/manuel-ibern-alcalde\/\" \/>\n<meta property=\"og:site_name\" content=\"Fundaci\u00f3 Barcelona Ol\u00edmpica\" \/>\n<meta property=\"article:modified_time\" content=\"2023-02-08T10:35:35+00:00\" \/>\n<meta property=\"og:image\" content=\"https:\/\/www.fundaciobarcelonaolimpica.es\/wp-content\/uploads\/sites\/3\/2022\/11\/manuel-ibernalcalde.png\" \/>\n\t<meta property=\"og:image:width\" content=\"800\" \/>\n\t<meta property=\"og:image:height\" content=\"533\" \/>\n\t<meta property=\"og:image:type\" content=\"image\/png\" \/>\n<meta name=\"twitter:card\" content=\"summary_large_image\" \/>\n<script type=\"application\/ld+json\" class=\"yoast-schema-graph\">{\"@context\":\"https:\/\/schema.org\",\"@graph\":[{\"@type\":\"WebPage\",\"@id\":\"https:\/\/www.fundaciobarcelonaolimpica.es\/en\/mo-testimonio\/manuel-ibern-alcalde\/\",\"url\":\"https:\/\/www.fundaciobarcelonaolimpica.es\/en\/mo-testimonio\/manuel-ibern-alcalde\/\",\"name\":\"Manuel Ibern Alcalde - Fundaci\u00f3 Barcelona Ol\u00edmpica\",\"isPartOf\":{\"@id\":\"https:\/\/www.fundaciobarcelonaolimpica.es\/ca\/#website\"},\"primaryImageOfPage\":{\"@id\":\"https:\/\/www.fundaciobarcelonaolimpica.es\/en\/mo-testimonio\/manuel-ibern-alcalde\/#primaryimage\"},\"image\":{\"@id\":\"https:\/\/www.fundaciobarcelonaolimpica.es\/en\/mo-testimonio\/manuel-ibern-alcalde\/#primaryimage\"},\"thumbnailUrl\":\"https:\/\/www.fundaciobarcelonaolimpica.es\/wp-content\/uploads\/sites\/3\/2022\/11\/manuel-ibernalcalde.png\",\"datePublished\":\"2022-11-24T10:57:32+00:00\",\"dateModified\":\"2023-02-08T10:35:35+00:00\",\"breadcrumb\":{\"@id\":\"https:\/\/www.fundaciobarcelonaolimpica.es\/en\/mo-testimonio\/manuel-ibern-alcalde\/#breadcrumb\"},\"inLanguage\":\"en-US\",\"potentialAction\":[{\"@type\":\"ReadAction\",\"target\":[\"https:\/\/www.fundaciobarcelonaolimpica.es\/en\/mo-testimonio\/manuel-ibern-alcalde\/\"]}]},{\"@type\":\"ImageObject\",\"inLanguage\":\"en-US\",\"@id\":\"https:\/\/www.fundaciobarcelonaolimpica.es\/en\/mo-testimonio\/manuel-ibern-alcalde\/#primaryimage\",\"url\":\"https:\/\/www.fundaciobarcelonaolimpica.es\/wp-content\/uploads\/sites\/3\/2022\/11\/manuel-ibernalcalde.png\",\"contentUrl\":\"https:\/\/www.fundaciobarcelonaolimpica.es\/wp-content\/uploads\/sites\/3\/2022\/11\/manuel-ibernalcalde.png\",\"width\":800,\"height\":533},{\"@type\":\"BreadcrumbList\",\"@id\":\"https:\/\/www.fundaciobarcelonaolimpica.es\/en\/mo-testimonio\/manuel-ibern-alcalde\/#breadcrumb\",\"itemListElement\":[{\"@type\":\"ListItem\",\"position\":1,\"name\":\"FBO\",\"item\":\"https:\/\/www.fundaciobarcelonaolimpica.es\/es\/\"},{\"@type\":\"ListItem\",\"position\":2,\"name\":\"Manuel Ibern Alcalde\"}]},{\"@type\":\"WebSite\",\"@id\":\"https:\/\/www.fundaciobarcelonaolimpica.es\/ca\/#website\",\"url\":\"https:\/\/www.fundaciobarcelonaolimpica.es\/ca\/\",\"name\":\"Fundaci\u00f3 Barcelona Ol\u00edmpica\",\"description\":\"Web del Museu Ol\u00edmpic i de l&#039;Esport\",\"publisher\":{\"@id\":\"https:\/\/www.fundaciobarcelonaolimpica.es\/ca\/#organization\"},\"potentialAction\":[{\"@type\":\"SearchAction\",\"target\":{\"@type\":\"EntryPoint\",\"urlTemplate\":\"https:\/\/www.fundaciobarcelonaolimpica.es\/ca\/?s={search_term_string}\"},\"query-input\":{\"@type\":\"PropertyValueSpecification\",\"valueRequired\":true,\"valueName\":\"search_term_string\"}}],\"inLanguage\":\"en-US\"},{\"@type\":\"Organization\",\"@id\":\"https:\/\/www.fundaciobarcelonaolimpica.es\/ca\/#organization\",\"name\":\"Fundaci\u00f3 Barcelona Ol\u00edmpica\",\"url\":\"https:\/\/www.fundaciobarcelonaolimpica.es\/ca\/\",\"logo\":{\"@type\":\"ImageObject\",\"inLanguage\":\"en-US\",\"@id\":\"https:\/\/www.fundaciobarcelonaolimpica.es\/ca\/#\/schema\/logo\/image\/\",\"url\":\"https:\/\/www.fundaciobarcelonaolimpica.es\/wp-content\/uploads\/sites\/3\/2019\/02\/logo-fundacio.svg\",\"contentUrl\":\"https:\/\/www.fundaciobarcelonaolimpica.es\/wp-content\/uploads\/sites\/3\/2019\/02\/logo-fundacio.svg\",\"caption\":\"Fundaci\u00f3 Barcelona Ol\u00edmpica\"},\"image\":{\"@id\":\"https:\/\/www.fundaciobarcelonaolimpica.es\/ca\/#\/schema\/logo\/image\/\"}}]}<\/script>\n<!-- \/ Yoast SEO plugin. -->","yoast_head_json":{"title":"Manuel Ibern Alcalde - Fundaci\u00f3 Barcelona Ol\u00edmpica","robots":{"index":"index","follow":"follow","max-snippet":"max-snippet:-1","max-image-preview":"max-image-preview:large","max-video-preview":"max-video-preview:-1"},"canonical":"https:\/\/www.fundaciobarcelonaolimpica.es\/en\/mo-testimonio\/manuel-ibern-alcalde\/","og_locale":"en_US","og_type":"article","og_title":"Manuel Ibern Alcalde - Fundaci\u00f3 Barcelona Ol\u00edmpica","og_url":"https:\/\/www.fundaciobarcelonaolimpica.es\/en\/mo-testimonio\/manuel-ibern-alcalde\/","og_site_name":"Fundaci\u00f3 Barcelona Ol\u00edmpica","article_modified_time":"2023-02-08T10:35:35+00:00","og_image":[{"width":800,"height":533,"url":"https:\/\/www.fundaciobarcelonaolimpica.es\/wp-content\/uploads\/sites\/3\/2022\/11\/manuel-ibernalcalde.png","type":"image\/png"}],"twitter_card":"summary_large_image","schema":{"@context":"https:\/\/schema.org","@graph":[{"@type":"WebPage","@id":"https:\/\/www.fundaciobarcelonaolimpica.es\/en\/mo-testimonio\/manuel-ibern-alcalde\/","url":"https:\/\/www.fundaciobarcelonaolimpica.es\/en\/mo-testimonio\/manuel-ibern-alcalde\/","name":"Manuel Ibern Alcalde - Fundaci\u00f3 Barcelona Ol\u00edmpica","isPartOf":{"@id":"https:\/\/www.fundaciobarcelonaolimpica.es\/ca\/#website"},"primaryImageOfPage":{"@id":"https:\/\/www.fundaciobarcelonaolimpica.es\/en\/mo-testimonio\/manuel-ibern-alcalde\/#primaryimage"},"image":{"@id":"https:\/\/www.fundaciobarcelonaolimpica.es\/en\/mo-testimonio\/manuel-ibern-alcalde\/#primaryimage"},"thumbnailUrl":"https:\/\/www.fundaciobarcelonaolimpica.es\/wp-content\/uploads\/sites\/3\/2022\/11\/manuel-ibernalcalde.png","datePublished":"2022-11-24T10:57:32+00:00","dateModified":"2023-02-08T10:35:35+00:00","breadcrumb":{"@id":"https:\/\/www.fundaciobarcelonaolimpica.es\/en\/mo-testimonio\/manuel-ibern-alcalde\/#breadcrumb"},"inLanguage":"en-US","potentialAction":[{"@type":"ReadAction","target":["https:\/\/www.fundaciobarcelonaolimpica.es\/en\/mo-testimonio\/manuel-ibern-alcalde\/"]}]},{"@type":"ImageObject","inLanguage":"en-US","@id":"https:\/\/www.fundaciobarcelonaolimpica.es\/en\/mo-testimonio\/manuel-ibern-alcalde\/#primaryimage","url":"https:\/\/www.fundaciobarcelonaolimpica.es\/wp-content\/uploads\/sites\/3\/2022\/11\/manuel-ibernalcalde.png","contentUrl":"https:\/\/www.fundaciobarcelonaolimpica.es\/wp-content\/uploads\/sites\/3\/2022\/11\/manuel-ibernalcalde.png","width":800,"height":533},{"@type":"BreadcrumbList","@id":"https:\/\/www.fundaciobarcelonaolimpica.es\/en\/mo-testimonio\/manuel-ibern-alcalde\/#breadcrumb","itemListElement":[{"@type":"ListItem","position":1,"name":"FBO","item":"https:\/\/www.fundaciobarcelonaolimpica.es\/es\/"},{"@type":"ListItem","position":2,"name":"Manuel Ibern Alcalde"}]},{"@type":"WebSite","@id":"https:\/\/www.fundaciobarcelonaolimpica.es\/ca\/#website","url":"https:\/\/www.fundaciobarcelonaolimpica.es\/ca\/","name":"Fundaci\u00f3 Barcelona Ol\u00edmpica","description":"Web del Museu Ol\u00edmpic i de l&#039;Esport","publisher":{"@id":"https:\/\/www.fundaciobarcelonaolimpica.es\/ca\/#organization"},"potentialAction":[{"@type":"SearchAction","target":{"@type":"EntryPoint","urlTemplate":"https:\/\/www.fundaciobarcelonaolimpica.es\/ca\/?s={search_term_string}"},"query-input":{"@type":"PropertyValueSpecification","valueRequired":true,"valueName":"search_term_string"}}],"inLanguage":"en-US"},{"@type":"Organization","@id":"https:\/\/www.fundaciobarcelonaolimpica.es\/ca\/#organization","name":"Fundaci\u00f3 Barcelona Ol\u00edmpica","url":"https:\/\/www.fundaciobarcelonaolimpica.es\/ca\/","logo":{"@type":"ImageObject","inLanguage":"en-US","@id":"https:\/\/www.fundaciobarcelonaolimpica.es\/ca\/#\/schema\/logo\/image\/","url":"https:\/\/www.fundaciobarcelonaolimpica.es\/wp-content\/uploads\/sites\/3\/2019\/02\/logo-fundacio.svg","contentUrl":"https:\/\/www.fundaciobarcelonaolimpica.es\/wp-content\/uploads\/sites\/3\/2019\/02\/logo-fundacio.svg","caption":"Fundaci\u00f3 Barcelona Ol\u00edmpica"},"image":{"@id":"https:\/\/www.fundaciobarcelonaolimpica.es\/ca\/#\/schema\/logo\/image\/"}}]}},"_links":{"self":[{"href":"https:\/\/www.fundaciobarcelonaolimpica.es\/en\/wp-json\/wp\/v2\/mo-testimonio\/26872"}],"collection":[{"href":"https:\/\/www.fundaciobarcelonaolimpica.es\/en\/wp-json\/wp\/v2\/mo-testimonio"}],"about":[{"href":"https:\/\/www.fundaciobarcelonaolimpica.es\/en\/wp-json\/wp\/v2\/types\/mo-testimonio"}],"wp:featuredmedia":[{"embeddable":true,"href":"https:\/\/www.fundaciobarcelonaolimpica.es\/en\/wp-json\/wp\/v2\/media\/27319"}],"wp:attachment":[{"href":"https:\/\/www.fundaciobarcelonaolimpica.es\/en\/wp-json\/wp\/v2\/media?parent=26872"}],"wp:term":[{"taxonomy":"memoria_oral_evento","embeddable":true,"href":"https:\/\/www.fundaciobarcelonaolimpica.es\/en\/wp-json\/wp\/v2\/memoria_oral_evento?post=26872"},{"taxonomy":"memoria_oral_perfil","embeddable":true,"href":"https:\/\/www.fundaciobarcelonaolimpica.es\/en\/wp-json\/wp\/v2\/memoria_oral_perfil?post=26872"},{"taxonomy":"memoria_oral_etiquetas","embeddable":true,"href":"https:\/\/www.fundaciobarcelonaolimpica.es\/en\/wp-json\/wp\/v2\/memoria_oral_etiquetas?post=26872"}],"curies":[{"name":"wp","href":"https:\/\/api.w.org\/{rel}","templated":true}]}}

<!-- This site is optimized with the Yoast SEO plugin v23.7 - https://yoast.com/wordpress/plugins/seo/ -->
<title>Manuel Ibern Alcalde - Fundació Barcelona Olímpica</title>
<meta name="robots" content="index, follow, max-snippet:-1, max-image-preview:large, max-video-preview:-1" />
<link rel="canonical" href="https://www.fundaciobarcelonaolimpica.es/en/mo-testimonio/manuel-ibern-alcalde/" />
<meta property="og:locale" content="en_US" />
<meta property="og:type" content="article" />
<meta property="og:title" content="Manuel Ibern Alcalde - Fundació Barcelona Olímpica" />
<meta property="og:url" content="https://www.fundaciobarcelonaolimpica.es/en/mo-testimonio/manuel-ibern-alcalde/" />
<meta property="og:site_name" content="Fundació Barcelona Olímpica" />
<meta property="article:modified_time" content="2023-02-08T10:35:35+00:00" />
<meta property="og:image" content="https://www.fundaciobarcelonaolimpica.es/wp-content/uploads/sites/3/2022/11/manuel-ibernalcalde.png" />
	<meta property="og:image:width" content="800" />
	<meta property="og:image:height" content="533" />
	<meta property="og:image:type" content="image/png" />
<meta name="twitter:card" content="summary_large_image" />
<script type="application/ld+json" class="yoast-schema-graph">{"@context":"https://schema.org","@graph":[{"@type":"WebPage","@id":"https://www.fundaciobarcelonaolimpica.es/en/mo-testimonio/manuel-ibern-alcalde/","url":"https://www.fundaciobarcelonaolimpica.es/en/mo-testimonio/manuel-ibern-alcalde/","name":"Manuel Ibern Alcalde - Fundació Barcelona Olímpica","isPartOf":{"@id":"https://www.fundaciobarcelonaolimpica.es/ca/#website"},"primaryImageOfPage":{"@id":"https://www.fundaciobarcelonaolimpica.es/en/mo-testimonio/manuel-ibern-alcalde/#primaryimage"},"image":{"@id":"https://www.fundaciobarcelonaolimpica.es/en/mo-testimonio/manuel-ibern-alcalde/#primaryimage"},"thumbnailUrl":"https://www.fundaciobarcelonaolimpica.es/wp-content/uploads/sites/3/2022/11/manuel-ibernalcalde.png","datePublished":"2022-11-24T10:57:32+00:00","dateModified":"2023-02-08T10:35:35+00:00","breadcrumb":{"@id":"https://www.fundaciobarcelonaolimpica.es/en/mo-testimonio/manuel-ibern-alcalde/#breadcrumb"},"inLanguage":"en-US","potentialAction":[{"@type":"ReadAction","target":["https://www.fundaciobarcelonaolimpica.es/en/mo-testimonio/manuel-ibern-alcalde/"]}]},{"@type":"ImageObject","inLanguage":"en-US","@id":"https://www.fundaciobarcelonaolimpica.es/en/mo-testimonio/manuel-ibern-alcalde/#primaryimage","url":"https://www.fundaciobarcelonaolimpica.es/wp-content/uploads/sites/3/2022/11/manuel-ibernalcalde.png","contentUrl":"https://www.fundaciobarcelonaolimpica.es/wp-content/uploads/sites/3/2022/11/manuel-ibernalcalde.png","width":800,"height":533},{"@type":"BreadcrumbList","@id":"https://www.fundaciobarcelonaolimpica.es/en/mo-testimonio/manuel-ibern-alcalde/#breadcrumb","itemListElement":[{"@type":"ListItem","position":1,"name":"FBO","item":"https://www.fundaciobarcelonaolimpica.es/es/"},{"@type":"ListItem","position":2,"name":"Manuel Ibern Alcalde"}]},{"@type":"WebSite","@id":"https://www.fundaciobarcelonaolimpica.es/ca/#website","url":"https://www.fundaciobarcelonaolimpica.es/ca/","name":"Fundació Barcelona Olímpica","description":"Web del Museu Olímpic i de l&#039;Esport","publisher":{"@id":"https://www.fundaciobarcelonaolimpica.es/ca/#organization"},"potentialAction":[{"@type":"SearchAction","target":{"@type":"EntryPoint","urlTemplate":"https://www.fundaciobarcelonaolimpica.es/ca/?s={search_term_string}"},"query-input":{"@type":"PropertyValueSpecification","valueRequired":true,"valueName":"search_term_string"}}],"inLanguage":"en-US"},{"@type":"Organization","@id":"https://www.fundaciobarcelonaolimpica.es/ca/#organization","name":"Fundació Barcelona Olímpica","url":"https://www.fundaciobarcelonaolimpica.es/ca/","logo":{"@type":"ImageObject","inLanguage":"en-US","@id":"https://www.fundaciobarcelonaolimpica.es/ca/#/schema/logo/image/","url":"https://www.fundaciobarcelonaolimpica.es/wp-content/uploads/sites/3/2019/02/logo-fundacio.svg","contentUrl":"https://www.fundaciobarcelonaolimpica.es/wp-content/uploads/sites/3/2019/02/logo-fundacio.svg","caption":"Fundació Barcelona Olímpica"},"image":{"@id":"https://www.fundaciobarcelonaolimpica.es/ca/#/schema/logo/image/"}}]}</script>
<!-- / Yoast SEO plugin. -->

Manuel Ibern Alcalde - Fundació Barcelona Olímpica

Fundació Barcelona Olímpica

Web del Museu Olímpic i de l&#039;Esport
