{"id":26908,"date":"2022-11-24T12:26:43","date_gmt":"2022-11-24T11:26:43","guid":{"rendered":"https:\/\/www.fundaciobarcelonaolimpica.es\/?post_type=mo-testimonio&#038;p=26908"},"modified":"2023-02-08T12:00:00","modified_gmt":"2023-02-08T11:00:00","slug":"josep-maria-trias-i-folch","status":"publish","type":"mo-testimonio","link":"https:\/\/www.fundaciobarcelonaolimpica.es\/es\/mo-testimonio\/josep-maria-trias-i-folch\/","title":{"rendered":"Josep Maria Trias i Folch"},"content":{"rendered":"","protected":false},"featured_media":26589,"template":"","meta":{"_acf_changed":false},"memoria_oral_evento":[201,202],"memoria_oral_perfil":[258],"memoria_oral_etiquetas":[],"class_list":["post-26908","mo-testimonio","type-mo-testimonio","status-publish","has-post-thumbnail","hentry","memoria_oral_evento-juegos-olimpicos","memoria_oral_evento-juegos-paralimpicos","memoria_oral_perfil-disenador"],"acf":[],"yoast_head":"<!-- This site is optimized with the Yoast SEO plugin v23.7 - https:\/\/yoast.com\/wordpress\/plugins\/seo\/ -->\n<title>Josep Maria Trias i Folch - Fundaci\u00f3 Barcelona Ol\u00edmpica<\/title>\n<meta name=\"robots\" content=\"index, follow, max-snippet:-1, max-image-preview:large, max-video-preview:-1\" \/>\n<link rel=\"canonical\" href=\"https:\/\/www.fundaciobarcelonaolimpica.es\/es\/mo-testimonio\/josep-maria-trias-i-folch\/\" \/>\n<meta property=\"og:locale\" content=\"es_ES\" \/>\n<meta property=\"og:type\" content=\"article\" \/>\n<meta property=\"og:title\" content=\"Josep Maria Trias i Folch - Fundaci\u00f3 Barcelona Ol\u00edmpica\" \/>\n<meta property=\"og:url\" content=\"https:\/\/www.fundaciobarcelonaolimpica.es\/es\/mo-testimonio\/josep-maria-trias-i-folch\/\" \/>\n<meta property=\"og:site_name\" content=\"Fundaci\u00f3 Barcelona Ol\u00edmpica\" \/>\n<meta property=\"article:modified_time\" content=\"2023-02-08T11:00:00+00:00\" \/>\n<meta property=\"og:image\" content=\"https:\/\/www.fundaciobarcelonaolimpica.es\/wp-content\/uploads\/sites\/3\/2022\/11\/josepmaria-trias.png\" \/>\n\t<meta property=\"og:image:width\" content=\"800\" \/>\n\t<meta property=\"og:image:height\" content=\"533\" \/>\n\t<meta property=\"og:image:type\" content=\"image\/png\" \/>\n<meta name=\"twitter:card\" content=\"summary_large_image\" \/>\n<script type=\"application\/ld+json\" class=\"yoast-schema-graph\">{\"@context\":\"https:\/\/schema.org\",\"@graph\":[{\"@type\":\"WebPage\",\"@id\":\"https:\/\/www.fundaciobarcelonaolimpica.es\/es\/mo-testimonio\/josep-maria-trias-i-folch\/\",\"url\":\"https:\/\/www.fundaciobarcelonaolimpica.es\/es\/mo-testimonio\/josep-maria-trias-i-folch\/\",\"name\":\"Josep Maria Trias i Folch - Fundaci\u00f3 Barcelona Ol\u00edmpica\",\"isPartOf\":{\"@id\":\"https:\/\/www.fundaciobarcelonaolimpica.es\/ca\/#website\"},\"primaryImageOfPage\":{\"@id\":\"https:\/\/www.fundaciobarcelonaolimpica.es\/es\/mo-testimonio\/josep-maria-trias-i-folch\/#primaryimage\"},\"image\":{\"@id\":\"https:\/\/www.fundaciobarcelonaolimpica.es\/es\/mo-testimonio\/josep-maria-trias-i-folch\/#primaryimage\"},\"thumbnailUrl\":\"https:\/\/www.fundaciobarcelonaolimpica.es\/wp-content\/uploads\/sites\/3\/2022\/11\/josepmaria-trias.png\",\"datePublished\":\"2022-11-24T11:26:43+00:00\",\"dateModified\":\"2023-02-08T11:00:00+00:00\",\"breadcrumb\":{\"@id\":\"https:\/\/www.fundaciobarcelonaolimpica.es\/es\/mo-testimonio\/josep-maria-trias-i-folch\/#breadcrumb\"},\"inLanguage\":\"es\",\"potentialAction\":[{\"@type\":\"ReadAction\",\"target\":[\"https:\/\/www.fundaciobarcelonaolimpica.es\/es\/mo-testimonio\/josep-maria-trias-i-folch\/\"]}]},{\"@type\":\"ImageObject\",\"inLanguage\":\"es\",\"@id\":\"https:\/\/www.fundaciobarcelonaolimpica.es\/es\/mo-testimonio\/josep-maria-trias-i-folch\/#primaryimage\",\"url\":\"https:\/\/www.fundaciobarcelonaolimpica.es\/wp-content\/uploads\/sites\/3\/2022\/11\/josepmaria-trias.png\",\"contentUrl\":\"https:\/\/www.fundaciobarcelonaolimpica.es\/wp-content\/uploads\/sites\/3\/2022\/11\/josepmaria-trias.png\",\"width\":800,\"height\":533},{\"@type\":\"BreadcrumbList\",\"@id\":\"https:\/\/www.fundaciobarcelonaolimpica.es\/es\/mo-testimonio\/josep-maria-trias-i-folch\/#breadcrumb\",\"itemListElement\":[{\"@type\":\"ListItem\",\"position\":1,\"name\":\"FBO\",\"item\":\"https:\/\/www.fundaciobarcelonaolimpica.es\/es\/\"},{\"@type\":\"ListItem\",\"position\":2,\"name\":\"Josep Maria Trias i Folch\"}]},{\"@type\":\"WebSite\",\"@id\":\"https:\/\/www.fundaciobarcelonaolimpica.es\/ca\/#website\",\"url\":\"https:\/\/www.fundaciobarcelonaolimpica.es\/ca\/\",\"name\":\"Fundaci\u00f3 Barcelona Ol\u00edmpica\",\"description\":\"Web del Museu Ol\u00edmpic i de l&#039;Esport\",\"publisher\":{\"@id\":\"https:\/\/www.fundaciobarcelonaolimpica.es\/ca\/#organization\"},\"potentialAction\":[{\"@type\":\"SearchAction\",\"target\":{\"@type\":\"EntryPoint\",\"urlTemplate\":\"https:\/\/www.fundaciobarcelonaolimpica.es\/ca\/?s={search_term_string}\"},\"query-input\":{\"@type\":\"PropertyValueSpecification\",\"valueRequired\":true,\"valueName\":\"search_term_string\"}}],\"inLanguage\":\"es\"},{\"@type\":\"Organization\",\"@id\":\"https:\/\/www.fundaciobarcelonaolimpica.es\/ca\/#organization\",\"name\":\"Fundaci\u00f3 Barcelona Ol\u00edmpica\",\"url\":\"https:\/\/www.fundaciobarcelonaolimpica.es\/ca\/\",\"logo\":{\"@type\":\"ImageObject\",\"inLanguage\":\"es\",\"@id\":\"https:\/\/www.fundaciobarcelonaolimpica.es\/ca\/#\/schema\/logo\/image\/\",\"url\":\"https:\/\/www.fundaciobarcelonaolimpica.es\/wp-content\/uploads\/sites\/3\/2019\/02\/logo-fundacio.svg\",\"contentUrl\":\"https:\/\/www.fundaciobarcelonaolimpica.es\/wp-content\/uploads\/sites\/3\/2019\/02\/logo-fundacio.svg\",\"caption\":\"Fundaci\u00f3 Barcelona Ol\u00edmpica\"},\"image\":{\"@id\":\"https:\/\/www.fundaciobarcelonaolimpica.es\/ca\/#\/schema\/logo\/image\/\"}}]}<\/script>\n<!-- \/ Yoast SEO plugin. -->","yoast_head_json":{"title":"Josep Maria Trias i Folch - Fundaci\u00f3 Barcelona Ol\u00edmpica","robots":{"index":"index","follow":"follow","max-snippet":"max-snippet:-1","max-image-preview":"max-image-preview:large","max-video-preview":"max-video-preview:-1"},"canonical":"https:\/\/www.fundaciobarcelonaolimpica.es\/es\/mo-testimonio\/josep-maria-trias-i-folch\/","og_locale":"es_ES","og_type":"article","og_title":"Josep Maria Trias i Folch - Fundaci\u00f3 Barcelona Ol\u00edmpica","og_url":"https:\/\/www.fundaciobarcelonaolimpica.es\/es\/mo-testimonio\/josep-maria-trias-i-folch\/","og_site_name":"Fundaci\u00f3 Barcelona Ol\u00edmpica","article_modified_time":"2023-02-08T11:00:00+00:00","og_image":[{"width":800,"height":533,"url":"https:\/\/www.fundaciobarcelonaolimpica.es\/wp-content\/uploads\/sites\/3\/2022\/11\/josepmaria-trias.png","type":"image\/png"}],"twitter_card":"summary_large_image","schema":{"@context":"https:\/\/schema.org","@graph":[{"@type":"WebPage","@id":"https:\/\/www.fundaciobarcelonaolimpica.es\/es\/mo-testimonio\/josep-maria-trias-i-folch\/","url":"https:\/\/www.fundaciobarcelonaolimpica.es\/es\/mo-testimonio\/josep-maria-trias-i-folch\/","name":"Josep Maria Trias i Folch - Fundaci\u00f3 Barcelona Ol\u00edmpica","isPartOf":{"@id":"https:\/\/www.fundaciobarcelonaolimpica.es\/ca\/#website"},"primaryImageOfPage":{"@id":"https:\/\/www.fundaciobarcelonaolimpica.es\/es\/mo-testimonio\/josep-maria-trias-i-folch\/#primaryimage"},"image":{"@id":"https:\/\/www.fundaciobarcelonaolimpica.es\/es\/mo-testimonio\/josep-maria-trias-i-folch\/#primaryimage"},"thumbnailUrl":"https:\/\/www.fundaciobarcelonaolimpica.es\/wp-content\/uploads\/sites\/3\/2022\/11\/josepmaria-trias.png","datePublished":"2022-11-24T11:26:43+00:00","dateModified":"2023-02-08T11:00:00+00:00","breadcrumb":{"@id":"https:\/\/www.fundaciobarcelonaolimpica.es\/es\/mo-testimonio\/josep-maria-trias-i-folch\/#breadcrumb"},"inLanguage":"es","potentialAction":[{"@type":"ReadAction","target":["https:\/\/www.fundaciobarcelonaolimpica.es\/es\/mo-testimonio\/josep-maria-trias-i-folch\/"]}]},{"@type":"ImageObject","inLanguage":"es","@id":"https:\/\/www.fundaciobarcelonaolimpica.es\/es\/mo-testimonio\/josep-maria-trias-i-folch\/#primaryimage","url":"https:\/\/www.fundaciobarcelonaolimpica.es\/wp-content\/uploads\/sites\/3\/2022\/11\/josepmaria-trias.png","contentUrl":"https:\/\/www.fundaciobarcelonaolimpica.es\/wp-content\/uploads\/sites\/3\/2022\/11\/josepmaria-trias.png","width":800,"height":533},{"@type":"BreadcrumbList","@id":"https:\/\/www.fundaciobarcelonaolimpica.es\/es\/mo-testimonio\/josep-maria-trias-i-folch\/#breadcrumb","itemListElement":[{"@type":"ListItem","position":1,"name":"FBO","item":"https:\/\/www.fundaciobarcelonaolimpica.es\/es\/"},{"@type":"ListItem","position":2,"name":"Josep Maria Trias i Folch"}]},{"@type":"WebSite","@id":"https:\/\/www.fundaciobarcelonaolimpica.es\/ca\/#website","url":"https:\/\/www.fundaciobarcelonaolimpica.es\/ca\/","name":"Fundaci\u00f3 Barcelona Ol\u00edmpica","description":"Web del Museu Ol\u00edmpic i de l&#039;Esport","publisher":{"@id":"https:\/\/www.fundaciobarcelonaolimpica.es\/ca\/#organization"},"potentialAction":[{"@type":"SearchAction","target":{"@type":"EntryPoint","urlTemplate":"https:\/\/www.fundaciobarcelonaolimpica.es\/ca\/?s={search_term_string}"},"query-input":{"@type":"PropertyValueSpecification","valueRequired":true,"valueName":"search_term_string"}}],"inLanguage":"es"},{"@type":"Organization","@id":"https:\/\/www.fundaciobarcelonaolimpica.es\/ca\/#organization","name":"Fundaci\u00f3 Barcelona Ol\u00edmpica","url":"https:\/\/www.fundaciobarcelonaolimpica.es\/ca\/","logo":{"@type":"ImageObject","inLanguage":"es","@id":"https:\/\/www.fundaciobarcelonaolimpica.es\/ca\/#\/schema\/logo\/image\/","url":"https:\/\/www.fundaciobarcelonaolimpica.es\/wp-content\/uploads\/sites\/3\/2019\/02\/logo-fundacio.svg","contentUrl":"https:\/\/www.fundaciobarcelonaolimpica.es\/wp-content\/uploads\/sites\/3\/2019\/02\/logo-fundacio.svg","caption":"Fundaci\u00f3 Barcelona Ol\u00edmpica"},"image":{"@id":"https:\/\/www.fundaciobarcelonaolimpica.es\/ca\/#\/schema\/logo\/image\/"}}]}},"_links":{"self":[{"href":"https:\/\/www.fundaciobarcelonaolimpica.es\/es\/wp-json\/wp\/v2\/mo-testimonio\/26908"}],"collection":[{"href":"https:\/\/www.fundaciobarcelonaolimpica.es\/es\/wp-json\/wp\/v2\/mo-testimonio"}],"about":[{"href":"https:\/\/www.fundaciobarcelonaolimpica.es\/es\/wp-json\/wp\/v2\/types\/mo-testimonio"}],"wp:featuredmedia":[{"embeddable":true,"href":"https:\/\/www.fundaciobarcelonaolimpica.es\/es\/wp-json\/wp\/v2\/media\/26589"}],"wp:attachment":[{"href":"https:\/\/www.fundaciobarcelonaolimpica.es\/es\/wp-json\/wp\/v2\/media?parent=26908"}],"wp:term":[{"taxonomy":"memoria_oral_evento","embeddable":true,"href":"https:\/\/www.fundaciobarcelonaolimpica.es\/es\/wp-json\/wp\/v2\/memoria_oral_evento?post=26908"},{"taxonomy":"memoria_oral_perfil","embeddable":true,"href":"https:\/\/www.fundaciobarcelonaolimpica.es\/es\/wp-json\/wp\/v2\/memoria_oral_perfil?post=26908"},{"taxonomy":"memoria_oral_etiquetas","embeddable":true,"href":"https:\/\/www.fundaciobarcelonaolimpica.es\/es\/wp-json\/wp\/v2\/memoria_oral_etiquetas?post=26908"}],"curies":[{"name":"wp","href":"https:\/\/api.w.org\/{rel}","templated":true}]}}

<!-- This site is optimized with the Yoast SEO plugin v23.7 - https://yoast.com/wordpress/plugins/seo/ -->
<title>Josep Maria Trias i Folch - Fundació Barcelona Olímpica</title>
<meta name="robots" content="index, follow, max-snippet:-1, max-image-preview:large, max-video-preview:-1" />
<link rel="canonical" href="https://www.fundaciobarcelonaolimpica.es/es/mo-testimonio/josep-maria-trias-i-folch/" />
<meta property="og:locale" content="es_ES" />
<meta property="og:type" content="article" />
<meta property="og:title" content="Josep Maria Trias i Folch - Fundació Barcelona Olímpica" />
<meta property="og:url" content="https://www.fundaciobarcelonaolimpica.es/es/mo-testimonio/josep-maria-trias-i-folch/" />
<meta property="og:site_name" content="Fundació Barcelona Olímpica" />
<meta property="article:modified_time" content="2023-02-08T11:00:00+00:00" />
<meta property="og:image" content="https://www.fundaciobarcelonaolimpica.es/wp-content/uploads/sites/3/2022/11/josepmaria-trias.png" />
	<meta property="og:image:width" content="800" />
	<meta property="og:image:height" content="533" />
	<meta property="og:image:type" content="image/png" />
<meta name="twitter:card" content="summary_large_image" />
<script type="application/ld+json" class="yoast-schema-graph">{"@context":"https://schema.org","@graph":[{"@type":"WebPage","@id":"https://www.fundaciobarcelonaolimpica.es/es/mo-testimonio/josep-maria-trias-i-folch/","url":"https://www.fundaciobarcelonaolimpica.es/es/mo-testimonio/josep-maria-trias-i-folch/","name":"Josep Maria Trias i Folch - Fundació Barcelona Olímpica","isPartOf":{"@id":"https://www.fundaciobarcelonaolimpica.es/ca/#website"},"primaryImageOfPage":{"@id":"https://www.fundaciobarcelonaolimpica.es/es/mo-testimonio/josep-maria-trias-i-folch/#primaryimage"},"image":{"@id":"https://www.fundaciobarcelonaolimpica.es/es/mo-testimonio/josep-maria-trias-i-folch/#primaryimage"},"thumbnailUrl":"https://www.fundaciobarcelonaolimpica.es/wp-content/uploads/sites/3/2022/11/josepmaria-trias.png","datePublished":"2022-11-24T11:26:43+00:00","dateModified":"2023-02-08T11:00:00+00:00","breadcrumb":{"@id":"https://www.fundaciobarcelonaolimpica.es/es/mo-testimonio/josep-maria-trias-i-folch/#breadcrumb"},"inLanguage":"es","potentialAction":[{"@type":"ReadAction","target":["https://www.fundaciobarcelonaolimpica.es/es/mo-testimonio/josep-maria-trias-i-folch/"]}]},{"@type":"ImageObject","inLanguage":"es","@id":"https://www.fundaciobarcelonaolimpica.es/es/mo-testimonio/josep-maria-trias-i-folch/#primaryimage","url":"https://www.fundaciobarcelonaolimpica.es/wp-content/uploads/sites/3/2022/11/josepmaria-trias.png","contentUrl":"https://www.fundaciobarcelonaolimpica.es/wp-content/uploads/sites/3/2022/11/josepmaria-trias.png","width":800,"height":533},{"@type":"BreadcrumbList","@id":"https://www.fundaciobarcelonaolimpica.es/es/mo-testimonio/josep-maria-trias-i-folch/#breadcrumb","itemListElement":[{"@type":"ListItem","position":1,"name":"FBO","item":"https://www.fundaciobarcelonaolimpica.es/es/"},{"@type":"ListItem","position":2,"name":"Josep Maria Trias i Folch"}]},{"@type":"WebSite","@id":"https://www.fundaciobarcelonaolimpica.es/ca/#website","url":"https://www.fundaciobarcelonaolimpica.es/ca/","name":"Fundació Barcelona Olímpica","description":"Web del Museu Olímpic i de l&#039;Esport","publisher":{"@id":"https://www.fundaciobarcelonaolimpica.es/ca/#organization"},"potentialAction":[{"@type":"SearchAction","target":{"@type":"EntryPoint","urlTemplate":"https://www.fundaciobarcelonaolimpica.es/ca/?s={search_term_string}"},"query-input":{"@type":"PropertyValueSpecification","valueRequired":true,"valueName":"search_term_string"}}],"inLanguage":"es"},{"@type":"Organization","@id":"https://www.fundaciobarcelonaolimpica.es/ca/#organization","name":"Fundació Barcelona Olímpica","url":"https://www.fundaciobarcelonaolimpica.es/ca/","logo":{"@type":"ImageObject","inLanguage":"es","@id":"https://www.fundaciobarcelonaolimpica.es/ca/#/schema/logo/image/","url":"https://www.fundaciobarcelonaolimpica.es/wp-content/uploads/sites/3/2019/02/logo-fundacio.svg","contentUrl":"https://www.fundaciobarcelonaolimpica.es/wp-content/uploads/sites/3/2019/02/logo-fundacio.svg","caption":"Fundació Barcelona Olímpica"},"image":{"@id":"https://www.fundaciobarcelonaolimpica.es/ca/#/schema/logo/image/"}}]}</script>
<!-- / Yoast SEO plugin. -->

Josep Maria Trias i Folch - Fundació Barcelona Olímpica

Fundació Barcelona Olímpica

Web del Museu Olímpic i de l&#039;Esport
